17
-16bce2 (base 16) to base 8
-5536342
What is -675230 (base 9) in base 14?
-a7371
2133023121 (base 4) to base 11
405941
What is -435111 (base 6) in base 10?
-36115
-1004002022 (base 6) to base 15
-d7b62b
93515 (base 10) to base 12
4614b
What is -331000114 (base 5) in base 2?
-101011011001001010101
-264428 (base 10) to base 16
-408ec
Convert -2bc40 (base 15) to base 3.
-21011121020
122222111121 (base 3) to base 8
1263214
What is -44444210 (base 6) in base 13?
-380739
4decf9 (base 16) to base 10
5106937
Convert -2761719 (base 10) to base 13.
-75906c
What is -4630551 (base 8) in base 13?
-3506a5
54232374 (base 8) to base 5
10433112221
Convert -150215 (base 13) to base 10.
-514454
Convert -2121023312 (base 4) to base 3.
-1011212200202
Convert -303410504 (base 6) to base 8.
-23702410
Convert 5062 (base 10) to base 2.
1001111000110
What is 110011101101110111 (base 2) in base 14?
572ab
What is -481ce (base 15) in base 8?
-701037
What is 12179 (base 11) in base 10?
17510
What is 795209 (base 10) in base 5?
200421314
1000001111101101011101 (base 2) to base 5
1023132001
-6ba11 (base 12) to base 3
-21100201211
What is -1860333 (base 9) in base 14?
-1d23ba
Convert 201222000211 (base 3) to base 15.
7b66d
-102550345 (base 7) to base 6
-334355411
What is 1692c6 (base 16) in base 15?
1e34e6
3d152 (base 15) to base 2
101111110111010100
What is -1032002321 (base 4) in base 6?
-10503545
Convert -2650ac (base 13) to base 9.
-1658865
What is 34137 (base 11) in base 14?
14012
Convert -10302000 (base 4) to base 5.
-1111314
What is 124242312 (base 5) in base 10?
618457
-30622165 (base 9) to base 14
-1d51961
-6162060 (base 9) to base 4
-30202313331
What is 1353030 (base 7) in base 6?
3514313
What is 2317617 (base 11) in base 4?
33131000201
What is -a1dda (base 15) in base 8?
-1751363
What is -804025 (base 12) in base 16?
-1e7b1d
4119a5 (base 12) to base 7
11443316
Convert -16753653 (base 8) to base 15.
-52705a
-10011011000101101100 (base 2) to base 13
-1931ac
-23110242 (base 5) to base 2
-110010100001100011
-33224 (base 15) to base 8
-475264
4369c2 (base 13) to base 16
183234
Convert -2b673 (base 14) to base 8.
-323405
Convert -15091a (base 14) to base 13.
-1c8070
What is -95f65 (base 16) in base 15?
-c1eea
-836946 (base 12) to base 5
-1012031312
Convert -b48269 (base 14) to base 15.
-805145
-109b546 (base 14) to base 16
-78a4ca
What is 2021184 (base 10) in base 14?
3a8824
21832 (base 10) to base 16
5548
What is -22220221200 (base 3) in base 4?
-222320211
Convert 66e5 (base 15) to base 10.
21815
3e3a9 (base 15) to base 7
1461654
Convert -665102 (base 9) to base 5.
-100204023
What is 141553423 (base 6) in base 3?
12102221022220
-73b53d (base 15) to base 2
-10101000000001100010000
What is 2132461 (base 8) in base 5?
121230143
Convert 4687 (base 11) to base 6.
44241
Convert 3573753 (base 8) to base 2.
11101111011111101011
-1a9bc (base 13) to base 8
-145757
416221 (base 8) to base 3
21000211101
Convert 168056 (base 13) to base 11.
352a6a
What is 11111111001100101000101 (base 2) in base 15?
b02ac4
Convert 17582 (base 12) to base 7.
200051
Convert -23516d (base 15) to base 2.
-110011100000100010100
What is -323034404 (base 5) in base 8?
-5202307
What is 43046162 (base 8) in base 11?
5210057
What is 99584 (base 14) in base 16?
5ab50
Convert -211436 (base 9) to base 8.
-365461
What is -23614230 (base 7) in base 14?
-3cb087
Convert 11863076 (base 9) to base 8.
26167510
Convert -161ad1b (base 14) to base 10.
-10824909
What is 2320203 (base 9) in base 10?
1253316
Convert 562375 (base 9) to base 16.
521fc
What is 170477b (base 13) in base 3?
111222210011221
333331222 (base 4) to base 9
438344
What is -10067206 (base 8) in base 15?
-2beb66
-55103 (base 7) to base 4
-3113030
-345151 (base 10) to base 14
-8dad9
240658 (base 16) to base 3
11102221120111
61970a (base 14) to base 7
36656013
Convert 57061 (base 11) to base 13.
2b790
a1c38 (base 15) to base 10
512378
Convert b3e8d (base 15) to base 4.
2023032223
What is -100010011 (base 4) in base 8?
-200405
Convert 1c4496 (base 16) to base 14.
3631c2
What is -132442315 (base 6) in base 16?
-286de7
Convert 11130255 (base 7) to base 10.
965340
-26d6e (base 15) to base 13
-448b2
Convert -3a0101 (base 15) to base 8.
-12476531
Convert 223303031 (base 4) to base 16.
2bccd
Convert -220ed5 (base 16) to base 6.
-115501233
Convert -26362467 (base 8) to base 7.
-101035021
-2546708 (base 9) to base 12
-570008
Convert -4b17b (base 12) to base 15.
-2042b
What is -65384 (base 10) in base 8?
-177550
Convert 1112022313 (base 5) to base 8.
11272264
What is 407068 (base 11) in base 13?
19b657
Convert 40323210 (base 5) to base 6.
10533535
What is -201120012121 (base 3) in base 5?
-44310223
47fa67 (base 16) to base 5
2201422114
-4a416 (base 16) to base 3
-120110012211
What is -123330202303 (base 4) in base 6?
-421004031
What is 2102002200 (base 3) in base 14?
1341b
What is -108952 (base 11) in base 14?
-46dc1
Convert -48b9d (base 14) to base 9.
-301038
122403533 (base 6) to base 7
26046216
Convert -101102301310 (base 4) to base 3.
-22112022121101
What is -2010033030 (base 4) in base 14?
-10156c
-201443620 (base 7) to base 16
-b2ea6c
What is -44858 (base 16) in base 11?
-18195a
What is -111010111001111110 (base 2) in base 11?
-155304
Convert -468363 (base 12) to base 3.
-2010121122210
Convert -13490 (base 11) to base 8.
-45421
What is -50273 (base 8) in base 4?
-11002323
What is 31a85 (base 11) in base 9?
70770
-52764 (base 9) to base 5
-2104023
Convert 140316136 (base 7) to base 4.
202301011021
What is 11001010011110010001 (base 2) in base 8?
3123621
-1004c59 (base 13) to base 7
-56056036
Convert -3120425 (base 6) to base 15.
-2e8d2
-461163 (base 7) to base 2
-10100000010010111
785252 (base 10) to base 2
10111111101101100100
-640306 (base 7) to base 10
-110599
Convert -4882716 (base 9) to base 10.
-2652684
Convert -434150 (base 8) to base 4.
-203201220
What is 163a3 (base 15) in base 12?
355b3
-2000202222001 (base 3) to base 6
-35035301
What is -1906557 (base 11) in base 14?
-600dcd
-12033002022 (base 4) to base 11
-a16a87
What is 111110110212112 (base 3) in base 15?
964be2
Convert 1100101011001110110 (base 2) to base 7.
3346635
Convert -11122202211 (base 3) to base 15.
-1c277
Convert -314652 (base 9) to base 10.
-187157
Convert 125403010 (base 7) to base 12.
2851264
What is -85094 (base 13) in base 14?
-6345c
What is 3689cb (base 14) in base 5?
434232423
-100122333012 (base 4) to base 5
-2100223323
What is 714814 (base 9) in base 11?
26a193
Convert -11212122121020 (base 3) to base 8.
-11705110
What is 10122233 (base 4) in base 13?
830c
Convert -107817 (base 14) to base 2.
-10001000011000011101
47673 (base 12) to base 13
348cc
19346 (base 10) to base 8
45622
What is -10222200220200 (base 3) in base 6?
-113234113
What is -428b5c (base 14) in base 13?
-60b243
Convert -10010110111 (base 3) to base 11.
-42296
Convert -937b1e (base 15) to base 4.
-122300000123
-cdd17 (base 16) to base 5
-203434111
10954133 (base 10) to base 3
202121112020122
-20d78b (base 15) to base 2
-101111101111010101011
-ddfce3 (base 16) to base 10
-14548195
Convert -10010101000011111010111 (base 2) to base 12.
-1776787
-447bd (base 14) to base 8
-504443
What is -121101102020101 (base 3) in base 7?
-134005660
What is 130322402 (base 7) in base 5?
4110312122
Convert 1363181 (base 13) to base 10.
6118919
-146813 (base 9) to base 11
-61956
What is 14036 (base 15) in base 3?
10021000220
Convert 2333223 (base 9) to base 14.
24bd2a
118a3 (base 15) to base 6
1111013
Convert -85750 (base 9) to base 15.
-11c30
Convert -76a79 (base 11) to base 5.
-12034034
Convert 4135115 (base 6) to base 5.
22340130
What is 110011000110010010 (base 2) in base 7?
1531125
What is -1000433 (base 9) in base 3?
-1000000111010
Convert 1011033002223 (base 4) to base 6.
1445001403
-4a1c38 (base 13) to base 14
-342c58
-2226489 (base 10) to base 7
-24632136
-11223131333 (base 4) to base 9
-2718175
What is -833927 (base 13) in base 10?
-3064172
What is -7095271 (base 11) in base 2?
-101111110101011100010111
Convert 88296 (base 11) to base 6.
2425055
Convert -220200020 (base 3) to base 6.
-215140
Convert 212678 (base 9) to base 8.
367322
What is -10143265 (base 7) in base 4?
-3033302320
What is -2034244020 (base 5) in ba